{"id":1814,"date":"2019-01-24T16:09:50","date_gmt":"2019-01-24T15:09:50","guid":{"rendered":"https:\/\/zvk.meinezvk.de\/?page_id=1814"},"modified":"2024-01-29T15:18:20","modified_gmt":"2024-01-29T14:18:20","slug":"datenschutzhinweise","status":"publish","type":"page","link":"https:\/\/zvk.meinezvk.de\/?page_id=1814","title":{"rendered":"Datenschutzhinweise"},"content":{"rendered":"<p><strong>Datenschutzhinweise zur Erhebung von personenbezogenen Daten nach Artikel 13 und 14 der Datenschutz-Grundverordnung (DS-GVO) durch die Zusatzversorgungskasse (ZVK) beim Kommunalen Versorgungsverband Th\u00fcringen (KVT)\u00a0<\/strong><\/p>\n<p>Wir verarbeiten zur Erf\u00fcllung unserer gesetzlichen, tarifvertraglichen und satzungsrechtlichen Pflichten personenbezogene Daten. Dazu geh\u00f6ren Daten, welche Sie uns zur Verf\u00fcgung stellen oder welche wir von Dritten \u00fcber Sie erheben. Um Sie \u00fcber die Datenverarbeitung und Ihre Rechte aufzukl\u00e4ren und unseren Informationspflichten (Artikel 13 und 14 DS-GVO) nachzukommen, informieren wir Sie \u00fcber folgende Umst\u00e4nde:<\/p>\n<p><strong>Kontaktdaten der ZVK:<\/strong><\/p>\n<p>Kommunaler Versorgungsverband Th\u00fcringen<br \/>\n-Zusatzversorgungskasse-<br \/>\nSteile Hohle 6<br \/>\n06556 Artern<\/p>\n<p>Telefon: +49 (0)3466-3364-85<br \/>\nEmail: <a href=\"mailto:zvk@kvt-zvk.de\">zvk@kvt-zvk.de<\/a><\/p>\n<p><strong>Kontaktdaten des Datenschutzbeauftragten unseres Verbandes:<\/strong><\/p>\n<p>Kommunaler Versorgungsverband Th\u00fcringen<br \/>\n-Datenschutzbeauftragter-<br \/>\nSteile Hohle 6<br \/>\n06556 Artern<\/p>\n<p>Telefon: +49 (0)3466-3364-95<br \/>\nEmail: <a href=\"mailto:datenschutz@kvt-zvk.de\">datenschutz@kvt-zvk.de<\/a><\/p>\n<hr \/>\n<p><strong>Quellen personenbezogener Daten:<\/strong><\/p>\n<p>Ihre personenbezogenen Daten erh\u00e4lt die ZVK, wenn nicht von Ihnen selbst, von Ihrem Arbeitgeber als unserem Mitglied. Dar\u00fcber hinaus werden personenbezogene Daten verarbeitet, die von Dritten (z.B. Gerichten, Rentenversicherungstr\u00e4gern, Krankenkassen, Bundeszentralamt f\u00fcr Steuern, Zentrale Zulagenstelle f\u00fcr Altersverm\u00f6gen und anderen Zusatzversorgungseinrichtungen) aufgrund gesetzlicher Verpflichtungen oder erteilter Einwilligungen mitgeteilt werden.<\/p>\n<hr \/>\n<p><strong>Zweck und Rechtsgrundlage f\u00fcr die Verarbeitung personenbezogener Daten:<\/strong><\/p>\n<p>Die ZVK erhebt und verarbeitet Ihre personenbezogenen Daten in Erf\u00fcllung ihrer satzungsgem\u00e4\u00dfen Aufgaben (\u00a7 2 der Satzung der Zusatzversorgungskasse Th\u00fcringen). Dabei werden Daten auch auf der Grundlage von Ihnen erteilter Einwilligungen erhoben und verarbeitet. Insbesondere in der Freiwilligen Versicherung erfolgt die Erhebung und Verarbeitung auf Grundlage von Vertr\u00e4gen bzw. zur Durchf\u00fchrung vorvertraglicher Ma\u00dfnahmen nach Art. 6 Abs. 1 Buchst. b DS-GVO.<\/p>\n<p>Die Erhebung, Verarbeitung und Nutzung personenbezogener Daten erfolgt zur<\/p>\n<ul>\n<li>Feststellung der Umlagen- und Beitragspflicht<\/li>\n<li>Feststellung und Mitteilung der j\u00e4hrlichen Anwartschaftsentwicklung (Versicherungsnachweis)<\/li>\n<li>Berechnung, Festsetzung und Zahlung der Betriebsrenten<\/li>\n<li>Durchf\u00fchrung des familienrechtlichen Eheversorgungsausgleichs<\/li>\n<li>Durchf\u00fchrung der \u00dcberleitung und Kapital\u00fcbertragung von Versicherungsverh\u00e4ltnissen<\/li>\n<li>gegenseitigen Anerkennung von Versicherungszeiten<\/li>\n<li>Durchf\u00fchrung des Verfahrens zur Riesterf\u00f6rderung (\u00a7 10a und Abschnitt XI EStG)<\/li>\n<li>Durchf\u00fchrung der Freiwilligen Versicherung<\/li>\n<li>Geltendmachung von Schadenersatzanspr\u00fcchen<\/li>\n<\/ul>\n<hr \/>\n<p><strong>Empf\u00e4nger personenbezogener Daten:\u00a0<\/strong><\/p>\n<p>Innerhalb der ZVK erhalten diejenigen Stellen Zugriff auf Ihre Daten, die diese zur Erf\u00fcllung Ihrer gesch\u00e4ftlichen, gesetzlichen und vertraglichen Pflichten ben\u00f6tigen. Auch von uns eingesetzte Dienstleister und Erf\u00fcllungshilfen k\u00f6nnen zu diesen Zwecken Daten erhalten, unter der Voraussetzung, dass diese die Vertraulichkeit und den Datenschutz wahren. Dies sind insbesondere Unternehmen in den Kategorien Versicherungsmathematik, IT-Dienstleister, Druckdienstleister, Wirtschaftspr\u00fcfungsdienstleister.<\/p>\n<p>Im Hinblick auf die Weitergabe an Empf\u00e4nger au\u00dferhalb der ZVK ist zu beachten, dass die ZVK zur Verschwiegenheit \u00fcber alle personenbezogenen Daten, von denen wir Kenntnis haben, verpflichtet ist. Informationen d\u00fcrfen nur weitergegeben werden, wenn wir gesetzlich hierzu verpflichtet sind, Sie eingewilligt haben oder wir zur Weitergabe befugt sind. Unter diesen Voraussetzungen k\u00f6nnen Empf\u00e4nger personenbezogener Daten z.B. sein:<\/p>\n<ul>\n<li>Bundeszentralamt f\u00fcr Steuern<\/li>\n<li>Deutsche Rentenversicherung<\/li>\n<li>Zentrale Zulagenstelle f\u00fcr Altersverm\u00f6gen<\/li>\n<li>Krankenkassen<\/li>\n<li>Zusatzversorgungseinrichtungen<\/li>\n<li>Familiengerichte<\/li>\n<li>Kreditinstitute<\/li>\n<li>Versicherungen<\/li>\n<li>Pf\u00e4ndungsgl\u00e4ubiger<\/li>\n<li>Betreuer<\/li>\n<li>Erben<\/li>\n<\/ul>\n<hr \/>\n<p><strong>Speicherung personenbezogener Daten:\u00a0<\/strong><\/p>\n<p>Die ZVK verarbeitet und speichert Ihre personenbezogenen Daten, solange es f\u00fcr die Erf\u00fcllung unserer gesetzlichen, satzungsrechtlichen und versicherungsvertraglichen Pflichten erforderlich ist. Dabei ist zu beachten, dass das Versicherungs- und Versorgungsverh\u00e4ltnis \u00fcber viele Jahre und hinsichtlich der Hinterbliebenenversorgung \u00fcber den Tod hinaus angelegt ist.<\/p>\n<p>Die ZVK unterliegt verschiedenen Aufbewahrungs- und Dokumentationspflichten, die sich u.a. aus dem Einkommenssteuergesetz, den Sozialgesetzb\u00fcchern und dem Handelsgesetzbuch ergeben. Die dort vorgegebenen Fristen reichen von 5 bis 30 Jahre nach Abschluss des jeweiligen Falls.<\/p>\n<hr \/>\n<p><strong>Rechte aus dem Datenschutz:<\/strong><\/p>\n<p>Jede betroffene Person hat hinsichtlich der gespeicherten personenbezogenen Daten grunds\u00e4tzlich das Recht auf<\/p>\n<ul>\n<li>Auskunft (Artikel 15 DS-GVO)<\/li>\n<li>Berichtigung (Artikel 16 DS-GVO)<\/li>\n<li>L\u00f6schung (Artikel 17 DS-GVO)<\/li>\n<li>Einschr\u00e4nkung der Verarbeitung (Artikel 18 DS-GVO)<\/li>\n<li>Widerspruch (Artikel 21 DS-GVO)<\/li>\n<li>Widerruf einer erteilten Einwilligung (Artikel 7 Abs. 3 DS-GVO) sowie<\/li>\n<li>das Beschwerderecht bei der zust\u00e4ndigen Datenschutzaufsichtsbeh\u00f6rde (Artikel 77 DS-GVO).<\/li>\n<\/ul>\n<hr \/>\n<p><strong>Kontaktdaten der zust\u00e4ndigen Datenschutzaufsichtsbeh\u00f6rde, bei der Beschwerde eingereicht werden kann:<\/strong><\/p>\n<p>Th\u00fcringer Landesbeauftragter f\u00fcr den Datenschutz und die Informationsfreiheit<br \/>\nH\u00e4\u00dflerstra\u00dfe 8<br \/>\n99096 Erfurt<\/p>\n<p>Telefon: +49 (0) 361\/57 3112900<br \/>\nE-Mail:\u00a0 <a href=\"mailto:poststelle@datenschutz.thueringen.de\">poststelle@datenschutz.thueringen.de<\/a><\/p>\n","protected":false},"excerpt":{"rendered":"<p>Datenschutzhinweise zur Erhebung von personenbezogenen Daten nach Artikel 13 und 14 der Datenschutz-Grundverordnung (DS-GVO) durch die Zusatzversorgungskasse (ZVK) beim Kommunalen Versorgungsverband Th\u00fcringen (KVT)\u00a0 Wir verarbeiten zur Erf\u00fcllung unserer gesetzlichen, tarifvertraglichen und satzungsrechtlichen Pflichten personenbezogene&#46;&#46;&#46;<\/p>\n","protected":false},"author":1,"featured_media":0,"parent":0,"menu_order":0,"comment_status":"closed","ping_status":"closed","template":"","meta":{"footnotes":""},"class_list":["post-1814","page","type-page","status-publish","hentry"],"_links":{"self":[{"href":"https:\/\/zvk.meinezvk.de\/index.php?rest_route=\/wp\/v2\/pages\/1814","targetHints":{"allow":["GET"]}}],"collection":[{"href":"https:\/\/zvk.meinezvk.de\/index.php?rest_route=\/wp\/v2\/pages"}],"about":[{"href":"https:\/\/zvk.meinezvk.de\/index.php?rest_route=\/wp\/v2\/types\/page"}],"author":[{"embeddable":true,"href":"https:\/\/zvk.meinezvk.de\/index.php?rest_route=\/wp\/v2\/users\/1"}],"replies":[{"embeddable":true,"href":"https:\/\/zvk.meinezvk.de\/index.php?rest_route=%2Fwp%2Fv2%2Fcomments&post=1814"}],"version-history":[{"count":3,"href":"https:\/\/zvk.meinezvk.de\/index.php?rest_route=\/wp\/v2\/pages\/1814\/revisions"}],"predecessor-version":[{"id":163411,"href":"https:\/\/zvk.meinezvk.de\/index.php?rest_route=\/wp\/v2\/pages\/1814\/revisions\/163411"}],"wp:attachment":[{"href":"https:\/\/zvk.meinezvk.de\/index.php?rest_route=%2Fwp%2Fv2%2Fmedia&parent=1814"}],"curies":[{"name":"wp","href":"https:\/\/api.w.org\/{rel}","templated":true}]}}