{"id":203,"date":"2015-03-11T15:15:40","date_gmt":"2015-03-11T14:15:40","guid":{"rendered":"http:\/\/zvk.meinezvk.de\/?page_id=203"},"modified":"2015-08-18T14:27:55","modified_gmt":"2015-08-18T12:27:55","slug":"unsere-vorteile","status":"publish","type":"page","link":"https:\/\/zvk.meinezvk.de\/?page_id=203","title":{"rendered":"Unsere Vorteile"},"content":{"rendered":"<div id=\"c50\" class=\"csc-default\">\n<p class=\"align-justify\"><strong>Die ZVK Th\u00fcringen ist<\/strong>, als Sonderverm\u00f6gen des Kommunalen Versorgungsverbandes Th\u00fcringen (selbst eine K\u00f6rperschaft des \u00f6ffentlichen Rechts), <strong>nicht insolvenzf\u00e4hig<\/strong>.<\/p>\n<p>Dar\u00fcber hinaus ergeben sich entscheidende Vorteile hinsichtlich<\/p>\n<ul>\n<li>der<strong> Kosten<\/strong>,<\/li>\n<li>der<strong> Flexibilit\u00e4t<\/strong> und<\/li>\n<li>der<strong> Sicherheit. <\/strong><\/li>\n<\/ul>\n<p><b>Wir garantieren Ihnen <\/b><strong>ohne \u201eWenn\u201c und \u201eAber\u201c<\/strong><b>\u2026<\/b><\/p>\n<ul>\n<li><strong>Leistungen ab dem ersten Euro. <\/strong>Es entsteht sofort eine Rentenanwartschaft.<strong><br \/>\n<\/strong><\/li>\n<li><strong>Leistungen aus einer Hand. <\/strong>Mit einem Antrag k\u00f6nnen Sie Ihre komplette Betriebsrente, also Pflicht- und Freiwillige Versicherung, beantragen.<\/li>\n<li><strong>grunds\u00e4tzlich lebenslange Renten. <\/strong>Diese zahlen wir im Todesfall auch an Hinterbliebene aus.<\/li>\n<li><strong>einen Garantiezins in H\u00f6he von 3,25 %<\/strong>. Da wir nicht gewinnorientiert sind, arbeitet unser Geld nur f\u00fcr Sie als unsere Versicherten.<\/li>\n<li><strong>eine j\u00e4hrliche Rentenerh\u00f6hung um 1 %.<\/strong> Ein Leben lang.<\/li>\n<li><strong>geringe Verwaltungskosten.<\/strong> Wir zahlen keine Managergeh\u00e4lter an Vorst\u00e4nde, Provisionen an Besch\u00e4ftigte oder Dividenden an Aktion\u00e4re.<\/li>\n<li><strong>keine versteckten Geb\u00fchren<\/strong>, die in den ersten Jahren des Einzahlens gedeckt werden m\u00fcssen.<\/li>\n<li><strong>Leistungen nach dem Solidarprinzip. <\/strong>Wir sichern Sie ohne Gesundheitspr\u00fcfung f\u00fcr den Fall einer Erwerbsminderung ab.<\/li>\n<li><strong>bei der Kapitalanlage nicht spekulativ t\u00e4tig zu sein.<\/strong> Wir setzen nur auf sicherste Anlagenformen.<\/li>\n<li><strong>eine flexible Vertragsgestaltung. <\/strong>Ein Vertragswechsel innerhalb unserer freiwilligen Versicherung, Beitragsfreistellung und individuelle Leistungserh\u00f6hung durch Ausschluss bestimmter Risiken sind immer kostenfrei und jederzeit m\u00f6glich.<\/li>\n<li><strong>soziale Komponenten.<\/strong> <span class=\"explanatory-dictionary-entry-explanation\">Versorgungspunkte werden gutgeschrieben, ohne dass eine direkte Beitragsleistung gegen\u00fcber steht<\/span><span class=\"explanatory-dictionary-entry-explanation\"> (z.B. Zurechnungszeit bei Erwerbsminderungsrenten).<\/span><\/li>\n<\/ul>\n<\/div>\n","protected":false},"excerpt":{"rendered":"<p>Die ZVK Th\u00fcringen ist, als Sonderverm\u00f6gen des Kommunalen Versorgungsverbandes Th\u00fcringen (selbst eine K\u00f6rperschaft des \u00f6ffentlichen Rechts), nicht insolvenzf\u00e4hig. Dar\u00fcber hinaus ergeben sich entscheidende Vorteile hinsichtlich der Kosten, der Flexibilit\u00e4t und der Sicherheit. Wir garantieren&#46;&#46;&#46;<\/p>\n","protected":false},"author":7,"featured_media":0,"parent":90,"menu_order":0,"comment_status":"open","ping_status":"open","template":"","meta":{"footnotes":""},"class_list":["post-203","page","type-page","status-publish","hentry"],"_links":{"self":[{"href":"https:\/\/zvk.meinezvk.de\/index.php?rest_route=\/wp\/v2\/pages\/203","targetHints":{"allow":["GET"]}}],"collection":[{"href":"https:\/\/zvk.meinezvk.de\/index.php?rest_route=\/wp\/v2\/pages"}],"about":[{"href":"https:\/\/zvk.meinezvk.de\/index.php?rest_route=\/wp\/v2\/types\/page"}],"author":[{"embeddable":true,"href":"https:\/\/zvk.meinezvk.de\/index.php?rest_route=\/wp\/v2\/users\/7"}],"replies":[{"embeddable":true,"href":"https:\/\/zvk.meinezvk.de\/index.php?rest_route=%2Fwp%2Fv2%2Fcomments&post=203"}],"version-history":[{"count":13,"href":"https:\/\/zvk.meinezvk.de\/index.php?rest_route=\/wp\/v2\/pages\/203\/revisions"}],"predecessor-version":[{"id":1028,"href":"https:\/\/zvk.meinezvk.de\/index.php?rest_route=\/wp\/v2\/pages\/203\/revisions\/1028"}],"up":[{"embeddable":true,"href":"https:\/\/zvk.meinezvk.de\/index.php?rest_route=\/wp\/v2\/pages\/90"}],"wp:attachment":[{"href":"https:\/\/zvk.meinezvk.de\/index.php?rest_route=%2Fwp%2Fv2%2Fmedia&parent=203"}],"curies":[{"name":"wp","href":"https:\/\/api.w.org\/{rel}","templated":true}]}}