{"id":492,"date":"2015-03-26T14:05:39","date_gmt":"2015-03-26T13:05:39","guid":{"rendered":"http:\/\/zvk.meinezvk.de\/?page_id=492"},"modified":"2024-01-17T07:56:51","modified_gmt":"2024-01-17T06:56:51","slug":"fragen-und-antworten","status":"publish","type":"page","link":"https:\/\/zvk.meinezvk.de\/?page_id=492","title":{"rendered":"Fragen und Antworten!"},"content":{"rendered":"<p>An dieser Stelle haben wir <strong>h\u00e4ufig gestellte Fragen<\/strong> zusammengefasst. Durch einen Klick gelangen Sie zur Antwort.<\/p>\n<p><div class=\"su-spoiler su-spoiler-style-fancy su-spoiler-icon-plus\" data-scroll-offset=\"0\" data-anchor-in-url=\"no\"><div class=\"su-spoiler-title\" tabindex=\"0\" role=\"button\"><span class=\"su-spoiler-icon\"><\/span>1. Was muss ich der ZVK mitteilen?<\/div><div class=\"su-spoiler-content su-u-clearfix su-u-trim\">Als Rentenempf\u00e4nger haben Sie <strong>Anzeigepflichten<\/strong>. Deshalb sind Sie verpflichtet, uns insbesondere einen Wohnortwechsel, sowie jede \u00c4nderung Ihrer Verh\u00e4ltnisse, die Ihren Anspruch dem Grunde oder der H\u00f6he nach ber\u00fchren k\u00f6nnen, mitzuteilen.<\/p>\n<p>Insbesondere sind mitzuteilen:<\/p>\n<ul>\n<li>die Versagung der Rente aus der gesetzlichen Rentenversicherung,<\/li>\n<li>die Beendigung der Rentenzahlung aus der gesetzlichen Rentenversicherung,<\/li>\n<li>der Wegfall der Erwerbsminderung und die \u00c4nderung von voller in teilweise oder von teilweiser in volle Erwerbsminderung,<\/li>\n<li>die Weitergew\u00e4hrung einer befristeten Erwerbsminderungsrente,<\/li>\n<li>die \u00c4nderung der H\u00f6he der Rente aus der gesetzlichen Rentenversicherung wegen Hinzuverdienstes,<\/li>\n<li>die \u00c4nderung Ihrer Bankverbindung und die \u00c4nderung der f\u00fcr Sie zust\u00e4ndigen Krankenkasse.<\/div><\/div><\/li>\n<\/ul>\n<div class=\"su-spoiler su-spoiler-style-fancy su-spoiler-icon-plus su-spoiler-closed\" data-scroll-offset=\"0\" data-anchor-in-url=\"no\"><div class=\"su-spoiler-title\" tabindex=\"0\" role=\"button\"><span class=\"su-spoiler-icon\"><\/span>2. Wie teile ich \u00c4nderungen meiner pers\u00f6nlichen Daten mit?<\/div><div class=\"su-spoiler-content su-u-clearfix su-u-trim\">Die Angaben zur \u00c4nderung Ihrer Daten ben\u00f6tigen wir in Textform. Dazu gen\u00fcgt entweder ein <strong>formloses Anschreiben<\/strong>, oder Sie nutzen direkt unsere <a href=\"https:\/\/zvk.meinezvk.de\/?page_id=162833\" target=\"_blank\" rel=\"noopener\" data-wpel-link=\"internal\"><strong>\u00c4nderungsformulare<\/strong><\/a>!<\/div><\/div>\n<div class=\"su-spoiler su-spoiler-style-fancy su-spoiler-icon-plus su-spoiler-closed\" data-scroll-offset=\"0\" data-anchor-in-url=\"no\"><div class=\"su-spoiler-title\" tabindex=\"0\" role=\"button\"><span class=\"su-spoiler-icon\"><\/span>3. Werden von meiner Rente Krankenversicherungsbeitr\u00e4ge abgef\u00fchrt?<\/div><div class=\"su-spoiler-content su-u-clearfix su-u-trim\"><\/p>\n<p>Ab einer Betriebsrentenh\u00f6he von monatlich 176,75 \u20ac (Stand 2024) werden Krankenversicherungsbeitr\u00e4ge f\u00e4llig. F\u00fcr den \u00fcber der Freigrenze liegenden Anteil Ihrer Betriebsrente wird die Zusatzversorgungskasse aufgrund gesetzlicher Bestimmungen Beitr\u00e4ge zur Krankenversicherung einbehalten und an Ihre Krankenkasse abf\u00fchren.<\/p>\n<p>Die Beitr\u00e4ge zur gesetzlichen Krankenversicherung aus Ihrer Betriebsrente bemessen sich nach dem Beitragssatz Ihrer Krankenkasse (allgemeiner Beitragssatz der gesetzlichen Krankenkassen von 14,6 % + eventueller Zusatzbeitrag). Die Beitr\u00e4ge m\u00fcssen von Ihnen alleine getragen werden, einen Zuschuss zur gesetzlichen oder privaten Krankenversicherung sieht unsere Satzung nicht vor.<\/p>\n<p>Beitr\u00e4ge zur gesetzlichen Pflegeversicherung sind auf Ihre komplette Betriebsrente zu entrichten. <\/div><\/div>\n<div class=\"su-spoiler su-spoiler-style-fancy su-spoiler-icon-plus su-spoiler-closed\" data-scroll-offset=\"0\" data-anchor-in-url=\"no\"><div class=\"su-spoiler-title\" tabindex=\"0\" role=\"button\"><span class=\"su-spoiler-icon\"><\/span>4. Darf ich hinzu verdienen?<\/div><div class=\"su-spoiler-content su-u-clearfix su-u-trim\"><\/p>\n<p><strong>Die Betriebsrente kann sich grunds\u00e4tzlich durch einen gleichzeitigen Hinzuverdienst vermindern.<\/strong> Die ZVK Th\u00fcringen unternimmt keine eigenst\u00e4ndige Pr\u00fcfung, sondern richtet sich nach den Feststellungen der gesetzlichen Rentenversicherung. Diese Verfahrensweise trifft <strong>vor allem bei teilweisen und vollen Erwerbsminderungsrenten sowie Hinterbliebenenrenten<\/strong> zu. Anfragen, ob ein Hinzuverdienst unsch\u00e4dlich ist, sollten Sie daher an Ihren Tr\u00e4ger der gesetzlichen Rentenversicherung richten. Die Vorlage des Rentenbescheides der gesetzlichen Rentenversicherung ist nicht mehr erforderlich, da die Daten vom Rentenversicherungstr\u00e4ger automatisch \u00fcbermittelt werden. Weitere Informationen erhalten Sie <a href=\"https:\/\/zvk.meinezvk.de\/?page_id=163379\" target=\"_blank\" rel=\"noopener\" data-wpel-link=\"internal\">hier<\/a>.<\/p>\n<p>Ein <strong>Bezug von Krankengeld<\/strong> \u00fcber den Rentenbeginn hinaus f\u00fchrt in der Zusatzversorgung dagegen in vielen F\u00e4llen zum <strong>Ruhen der Betriebsrente<\/strong>.<\/p>\n<p>Sind Sie nicht in der gesetzlichen Rentenversicherung versichert, m\u00fcssen Sie uns jede \u00c4nderung Ihres Hinzuverdienstes direkt mitteilen. Darunter fallen z. B. Arbeitsentgelt, Einkommen aus selbstst\u00e4ndiger T\u00e4tigkeit sowie s\u00e4mtliche Leistungsbez\u00fcge (z. B. Krankengeld, Renten etc.).<\/div><\/div>\n<div class=\"su-spoiler su-spoiler-style-fancy su-spoiler-icon-plus su-spoiler-closed\" data-scroll-offset=\"0\" data-anchor-in-url=\"no\"><div class=\"su-spoiler-title\" tabindex=\"0\" role=\"button\"><span class=\"su-spoiler-icon\"><\/span>5. Steigt meine Rente?<\/div><div class=\"su-spoiler-content su-u-clearfix su-u-trim\">Die Betriebsrente wird bei der ZVK Th\u00fcringen <strong>j\u00e4hrlich zum 01. Juli um 1 % erh\u00f6ht<\/strong>. Dieser Anspruch ist in unserer Satzung hinterlegt, Nullrunden wird es bei uns also nicht geben. <\/div><\/div>\n<p><div class=\"su-spoiler su-spoiler-style-fancy su-spoiler-icon-plus su-spoiler-closed\" data-scroll-offset=\"0\" data-anchor-in-url=\"no\"><div class=\"su-spoiler-title\" tabindex=\"0\" role=\"button\"><span class=\"su-spoiler-icon\"><\/span>6. Welche Rentenleistungen bekommen im Todesfall meine Angeh\u00f6rigen?<\/div><div class=\"su-spoiler-content su-u-clearfix su-u-trim\">Neben Leistungen an den Versicherten selbst, ist in die Betriebsrente auch immer eine <strong>Hinterbliebenenversorgung<\/strong> mit einbezogen. Verstirbt also ein Versicherter oder ein Rentner, so haben der <strong>hinterbliebene Ehegatte <\/strong>oder<strong> eingetragene Lebenspartner<\/strong> (Witwe\/Witwer), sowie die <strong>Waisenrentenberechtigten<\/strong> (Halb- und Vollwaisen) Anspruch auf eine Hinterbliebenenversorgung.<\/p>\n<p>Voraussetzung ist, dass der Verstorbene<\/p>\n<ul>\n<li>entweder bereits eine Rente bezogen hat oder<\/li>\n<li>als Versicherter die Wartezeit bereits erf\u00fcllt hat. Bei einem Arbeitsunfall gilt die Wartezeit als erf\u00fcllt.<\/div><\/div><\/li>\n<\/ul>\n","protected":false},"excerpt":{"rendered":"<p>An dieser Stelle haben wir h\u00e4ufig gestellte Fragen zusammengefasst. Durch einen Klick gelangen Sie zur Antwort.<\/p>\n","protected":false},"author":7,"featured_media":0,"parent":490,"menu_order":0,"comment_status":"open","ping_status":"closed","template":"","meta":{"footnotes":""},"class_list":["post-492","page","type-page","status-publish","hentry"],"_links":{"self":[{"href":"https:\/\/zvk.meinezvk.de\/index.php?rest_route=\/wp\/v2\/pages\/492","targetHints":{"allow":["GET"]}}],"collection":[{"href":"https:\/\/zvk.meinezvk.de\/index.php?rest_route=\/wp\/v2\/pages"}],"about":[{"href":"https:\/\/zvk.meinezvk.de\/index.php?rest_route=\/wp\/v2\/types\/page"}],"author":[{"embeddable":true,"href":"https:\/\/zvk.meinezvk.de\/index.php?rest_route=\/wp\/v2\/users\/7"}],"replies":[{"embeddable":true,"href":"https:\/\/zvk.meinezvk.de\/index.php?rest_route=%2Fwp%2Fv2%2Fcomments&post=492"}],"version-history":[{"count":24,"href":"https:\/\/zvk.meinezvk.de\/index.php?rest_route=\/wp\/v2\/pages\/492\/revisions"}],"predecessor-version":[{"id":163402,"href":"https:\/\/zvk.meinezvk.de\/index.php?rest_route=\/wp\/v2\/pages\/492\/revisions\/163402"}],"up":[{"embeddable":true,"href":"https:\/\/zvk.meinezvk.de\/index.php?rest_route=\/wp\/v2\/pages\/490"}],"wp:attachment":[{"href":"https:\/\/zvk.meinezvk.de\/index.php?rest_route=%2Fwp%2Fv2%2Fmedia&parent=492"}],"curies":[{"name":"wp","href":"https:\/\/api.w.org\/{rel}","templated":true}]}}