{"id":90,"date":"2014-12-10T13:59:57","date_gmt":"2014-12-10T13:59:57","guid":{"rendered":"http:\/\/zvk.zvk-thueringen.info\/?page_id=90"},"modified":"2022-10-06T09:18:27","modified_gmt":"2022-10-06T07:18:27","slug":"ueber-uns","status":"publish","type":"page","link":"https:\/\/zvk.meinezvk.de\/?page_id=90","title":{"rendered":"\u00dcber uns"},"content":{"rendered":"<p>Die <strong>Zusatzversorgungskasse (ZVK) Th\u00fcringen<\/strong> ist der betriebliche Altersvorsorgedienstleister f\u00fcr den kommunalen \u00f6ffentlichen Dienst in Th\u00fcringen.<\/p>\n<p>Kernaufgabe der ZVK Th\u00fcringen ist die Gew\u00e4hrung einer zus\u00e4tzlichen Alters- und Hinterbliebenenversorgung an unsere Versicherten.<br \/>\nDas hei\u00dft: Alle versicherten Besch\u00e4ftigten des kommunalen \u00f6ffentlichen Dienstes in Th\u00fcringen erwerben eine Anwartschaft auf<\/p>\n<ul>\n<li>eine <strong>Altersrente<\/strong>,<\/li>\n<li>eine <strong>Erwerbsminderungsrente<\/strong> oder<\/li>\n<li>eine <strong>Rente an die Hinterbliebenen<\/strong>.<\/li>\n<\/ul>\n<p>Diese Betriebsrente wird zus\u00e4tzlich zur gesetzlichen Rente gezahlt.<\/p>\n<p>Aktuell besch\u00e4ftigt die ZVK Th\u00fcringen 30 Mitarbeiter. Diese betreuen ca. 900 Mitglieder sowie 60.000 Versicherte und 33.000 Rentner.<\/p>\n<p><strong>Mitglieder der ZVK Th\u00fcringen sind Arbeitgeber<\/strong>. Dies sind i.d.R. \u00f6ffentliche Einrichtungen, wie z.B. Stadt-, Gemeinde- und Kreisverwaltungen, Zweckverb\u00e4nde, Anstalten, Stiftungen, aber auch Vereine und Kapitalgesellschaften mit \u00f6ffentlichem Zweck.<\/p>\n<p>Alle <strong>Besch\u00e4ftigten dieser Mitglieder<\/strong> werden bei uns angemeldet (Pflichtversicherung) und sind <strong>als Versicherter alleiniger Leistungsberechtigter<\/strong>.<\/p>\n","protected":false},"excerpt":{"rendered":"<p>Die Zusatzversorgungskasse (ZVK) Th\u00fcringen ist der betriebliche Altersvorsorgedienstleister f\u00fcr den kommunalen \u00f6ffentlichen Dienst in Th\u00fcringen. Kernaufgabe der ZVK Th\u00fcringen ist die Gew\u00e4hrung einer zus\u00e4tzlichen Alters- und Hinterbliebenenversorgung an unsere Versicherten. Das hei\u00dft: Alle versicherten&#46;&#46;&#46;<\/p>\n","protected":false},"author":7,"featured_media":0,"parent":0,"menu_order":0,"comment_status":"open","ping_status":"closed","template":"","meta":{"footnotes":""},"class_list":["post-90","page","type-page","status-publish","hentry"],"_links":{"self":[{"href":"https:\/\/zvk.meinezvk.de\/index.php?rest_route=\/wp\/v2\/pages\/90","targetHints":{"allow":["GET"]}}],"collection":[{"href":"https:\/\/zvk.meinezvk.de\/index.php?rest_route=\/wp\/v2\/pages"}],"about":[{"href":"https:\/\/zvk.meinezvk.de\/index.php?rest_route=\/wp\/v2\/types\/page"}],"author":[{"embeddable":true,"href":"https:\/\/zvk.meinezvk.de\/index.php?rest_route=\/wp\/v2\/users\/7"}],"replies":[{"embeddable":true,"href":"https:\/\/zvk.meinezvk.de\/index.php?rest_route=%2Fwp%2Fv2%2Fcomments&post=90"}],"version-history":[{"count":6,"href":"https:\/\/zvk.meinezvk.de\/index.php?rest_route=\/wp\/v2\/pages\/90\/revisions"}],"predecessor-version":[{"id":163094,"href":"https:\/\/zvk.meinezvk.de\/index.php?rest_route=\/wp\/v2\/pages\/90\/revisions\/163094"}],"wp:attachment":[{"href":"https:\/\/zvk.meinezvk.de\/index.php?rest_route=%2Fwp%2Fv2%2Fmedia&parent=90"}],"curies":[{"name":"wp","href":"https:\/\/api.w.org\/{rel}","templated":true}]}}